Suppose 10*d = 9*d. Suppose 47*f - 51*f + 24 = d. Let b(v) = -17*v**3 + 2*v**2 - 1. Let t be b(-1). Calculate the greatest common factor of t and f.
6
Let m(j) = -j**2 - 19*j - 6. Let k be m(-19). Let v be 3/k + 85/10. Suppose -90 = v*u - 10*u. Calculate the highest common factor of 30 and u.
15
Suppose -4*i = 96*i - 1292200. Calculate the greatest common divisor of i and 13.
13
Let i(b) = 10*b + 289. Let f be i(-25). Suppose 5*h - p = 1696, 2*p = -2*h - f + 727. Calculate the highest common factor of h and 40.
20
Suppose 1099*n - 43 - 8 = 1096*n. Calculate the highest common divisor of 731 and n.
17
Suppose 46*g - 40 - 3 = 141. Let b be (-2)/(-7) - 52/(-14). Calculate the greatest common factor of b and g.
4
Suppose 56 = 2*g + 5*g. Let v(b) = -14 + 6*b - g - 9. Let c be v(9). What is the highest common factor of 92 and c?
23
Let v = -354 + 542. Suppose 235 = 210*k - 209*k. What is the highest common divisor of k and v?
47
Let j = -1866 - -1873. Let h = 6 + -4. Suppose h*l - 4 = 10. What is the highest common factor of j and l?
7
Let y(i) = 3*i**3 + 6*i**2 + 5*i + 1. Let m be y(6). Let r be m/19 + (-26)/247. Calculate the highest common factor of 329 and r.
47
Let y be ((-21)/(-14))/(18/24). Suppose -40 = -3*l - y*q, l = -2*q - 1 + 21. Calculate the greatest common factor of l and 10.
10
Let r be (-11)/(-44) + (-4081)/(-28) + 7. What is the highest common factor of 99 and r?
9
Let q be (-3)/2*(-118)/(-177). Let o be 50/(-10) - 17/q. What is the highest common divisor of o and 396?
12
Let r(a) = 4*a**2 - 4. Let c be r(-4). Suppose 94*i - 150*i + 1341 = -1179. What is the greatest common factor of i and c?
15
Suppose 7*s - 3*s = 924. Let p be ((-1737)/(-6369))/((-1)/(-121)). Calculate the highest common factor of s and p.
33
Let d be 32/(-2)*(-22 + 14). Let j be (d/48)/((-3*1)/(-18)). Suppose 0 = 2*o - i - 158, 3*i + 0*i = o - 74. Calculate the greatest common factor of j and o.
16
Suppose -i + 29 = -5*s, -i + 80*s - 77*s = -19. Suppose 0 = -2*o + u + 60, i*u - 128 = -5*o + u. Calculate the greatest common factor of o and 616.
28
Let h = 295 + -269. Suppose h*g = 460 + 372. Calculate the highest common factor of g and 64.
32
Let i be (-180)/72*(-8 - 2). Suppose 0 = -16*p + i*p - 99. Suppose -7*h + 2*h + 1094 = 3*b, 5*h = -5*b + 1090. What is the highest common divisor of p and h?
11
Let g(b) = -10*b**3 - 2*b**2 + b + 6. Suppose 0 = -4*c + c - 9. Let z be g(c). Calculate the highest common divisor of z and 15.
15
Let a = 11771 + -11762. Calculate the highest common divisor of 1002 and a.
3
Suppose 0 = l + 2*l - 12. Suppose 4*k - 5*k + l = 0. Suppose -16 = -k*h, 3*y + 2*h = -8 + 40. What is the greatest common divisor of 12 and y?
4
Suppose s + 143 + 817 = -5*x, s - 3*x = -952. Let w = -933 - s. Suppose 0 = 2*j + j - 165. Calculate the greatest common factor of w and j.
11
Suppose -4*h + 20 = 8, 3*w + 5*h - 123 = 0. Let j = -22136 - -22196. Calculate the greatest common factor of w and j.
12
Let m be (264/(-12))/((-2)/17). Suppose -4*z = -3*g - m, -110 = 2*z - 4*z - 4*g. Calculate the highest common factor of z and 35.
7
Suppose 4*z = -16, 0 = 2*p + z - 89 - 39. Calculate the highest common factor of p and 352.
22
Suppose -36 = -5*y + 64. Suppose -13*a = -9*a - 316. Suppose -68*f + a*f = 55. What is the highest common factor of y and f?
5
Let z = -1038 + 1939. What is the greatest common factor of 265 and z?
53
Let a be (2 - (-1059)/6)*2. Suppose 0 = -1609*u + 1519*u + 9180. Calculate the highest common divisor of a and u.
51
Let v(w) = 210*w - 1200. Let x be v(6). Calculate the highest common factor of 330 and x.
30
Let z(k) = -7860*k + 31451. Let o be z(4). Let w be (1 - -87) + 0/5. What is the greatest common factor of w and o?
11
Let k be (-115)/(-45) + (-4)/(-9). Suppose 5*c = 5*x + 83 + 132, -k*x - 174 = -4*c. What is the highest common divisor of c and 405?
45
Let o(b) = -229*b + 719. Let z be o(3). Calculate the highest common divisor of 4000 and z.
32
Suppose -9669*f + 9664*f + 240 = 0. What is the highest common factor of 117 and f?
3
Let y(z) = -z**3 - 30*z**2 - 27*z + 58. Let u be y(-29). Suppose -1105*q + 1099*q + 858 = u. What is the highest common factor of q and 33?
11
Let n = -72 - -63. Let x be (-30)/8*(186/(-18) - n). Let f be 2/x - (-356)/10. Calculate the highest common divisor of 90 and f.
18
Let t(k) = -k**2 - k. Let i be t(0). Let c be -3 - i - (-45)/(15/3). Suppose 3*b = -g - 1 + 2, 0 = -2*g - 10. Calculate the greatest common factor of b and c.
2
Let c = -114 + 147. Suppose d = -37 + c. Let h = 32 + d. What is the greatest common divisor of h and 140?
28
Let l(j) = -j**3 - 20*j**2 + 37*j + 360. Let a be l(-21). What is the highest common factor of 405 and a?
3
Let z(m) = -m - 3. Let v be z(-12). Let q be (564/v)/(18/27). Let g = -86 + q. What is the greatest common factor of 88 and g?
8
Let i be (-8*1)/(-10 - 4466/(-448)). Let h = 163 + -61. Let u = i - h. Calculate the greatest common factor of 22 and u.
22
Suppose 23*u + l + 15088 = 27*u, 0 = -2*u + l + 7544. What is the highest common factor of u and 41?
41
Suppose v - 5*m = 279 - 6, 26*v - 7098 = -2*m. What is the greatest common divisor of v and 1807?
13
Let f be (2/13 + 458/65)/(5/150). Calculate the greatest common divisor of f and 5904.
72
Suppose -4 = r - 3*r. Let o(u) = -2*u**3 + 98*u + 25*u**2 - 29 + 4 - 128*u. Let k be o(11). Calculate the highest common divisor of r and k.
2
Let w(f) = 6*f**2 + 19*f + 21. Let q be w(9). Let m be (-10)/35 - q/(-21). Calculate the highest common factor of m and 176.
16
Suppose l = 2 - 10. Let z = 16 + l. Let a be 3*((-4)/z + 58/12). Calculate the highest common divisor of 65 and a.
13
Let u(f) = -8*f**3 + 264*f**2 - 4*f + 221. Let j be u(33). What is the highest common factor of 1691 and j?
89
Let x(r) = -38*r + 764. Let z be x(4). Calculate the highest common divisor of 12 and z.
12
Let u = -4832 + 4916. What is the greatest common divisor of u and 2478?
42
Let k be 12/(-18)*6 + 4. Suppose -34*q - 1942 + 5002 = k. Calculate the greatest common factor of 12 and q.
6
Suppose -392*u + 8580 = -348*u. What is the greatest common factor of 715 and u?
65
Suppose -6*b = -b, 5*b = 2*g - 96. Suppose 3174 = 2*i + 4*u, -6*i = -11*i + 3*u + 7948. Suppose -22*p = -i + 5. Calculate the greatest common factor of p and g.
24
Suppose -1536 = -0*q - 10*q + 3634. What is the greatest common divisor of 88 and q?
11
Let q = -1667 - -1769. Calculate the highest common divisor of q and 510.
102
Let t(d) = 2*d**2 - 35*d + 51. Let b be t(16). Suppose 3*z + 2*g - 95 = 0, 0 = -z - 0*z + 5*g + 43. What is the highest common factor of z and b?
3
Suppose -3*r - 5*b + 970 = 0, -3*r + 964 = b + b. Suppose 2*d + 8*d - r = 0. Suppose 0 = -3*g - d + 146. Calculate the greatest common divisor of g and 380.
38
Let o(z) = -2*z**3 + 14*z**2 + 13*z + 4. Let w be o(8). Let b be (0 - 6/(-30)) + (-96)/w. Calculate the greatest common factor of b and 35.
5
Suppose 2*p - 24*f + 19*f = 912, 3*p - 1368 = 2*f. Calculate the highest common divisor of p and 4408.
152
Let g(a) be the third derivative of -a**5/30 - a**4/12 + a**3/6 - 7*a**2. Let x be g(-4). Let o = x + 33. What is the greatest common divisor of o and 4?
2
Let i(g) = 4*g**2 + 84*g + 333. Let f be i(-18). Let v = -26 - -35. Calculate the greatest common divisor of f and v.
9
Let d(w) = -2*w**2 - 146*w + 1426. Let s be d(-80). Suppose -4*h + 5*q + 262 = 0, 0*h - 4*h - 4*q = -280. What is the greatest common factor of h and s?
34
Suppose -7*j = -25 - 66. Suppose 9*i = j*i - 8. Let l(m) = 9*m + 1. Let q be l(i). Calculate the greatest common factor of 19 and q.
19
Suppose -5*j - 353 = -1138. Suppose -194 = -3*x + j. Suppose -x + 27 = -5*b. What is the greatest common divisor of 36 and b?
18
Suppose u + u - 22 = 0. Let y(s) = -73*s - 34. Let b(x) = -17*x - 8. Let m(k) = -9*b(k) + 2*y(k). Let q be m(u). What is the highest common factor of q and 27?
27
Let t = -939 - -961. Let z = 25 - 19. Let p be (-4)/z*1848/(-8). Calculate the highest common divisor of p and t.
22
Let f be (-1)/(-1) - 3 - 2. Let p be 6/(-4)*f/6. Let r be 2/7 - 33/(-7). Calculate the greatest common factor of r and p.
1
Let b be 38450/(-150)*1*-1 + 26/39. Calculate the highest common divisor of b and 7.
1
Suppose -f = -4*f + 189. Suppose 0 = 4*d